{"id":84,"date":"2014-11-17T14:19:25","date_gmt":"2014-11-17T13:19:25","guid":{"rendered":"http:\/\/mcsi-incendie.fr\/?page_id=84"},"modified":"2014-11-17T14:47:41","modified_gmt":"2014-11-17T13:47:41","slug":"gamme-prima","status":"publish","type":"page","link":"http:\/\/mcsi-incendie.fr\/?page_id=84","title":{"rendered":"Gamme Prima"},"content":{"rendered":"<p>Con\u00e7ue pour \u00eatre \u00e9conomique et basique, cette gamme reste bien s\u00fbr fid\u00e8le aux principes de fabrication inh\u00e9rents au groupe Andrieu, et r\u00e9pond \u00e0 l&rsquo;ensemble des contraintes normalis\u00e9es fran\u00e7aises et europ\u00e9ennes.<\/p>\n<p><strong>Les points forts de la gamme d&rsquo;extincteur PRIMA : <\/strong><\/p>\n<p><img loading=\"lazy\" decoding=\"async\" class=\"alignleft\" src=\"http:\/\/www.extincteurs-andrieu.fr\/images\/common\/label_nf.png\" alt=\"\" width=\"100\" height=\"100\" \/><\/p>\n<ul>\n<ul>\n<li>extincteur \u00e0 fonctionnement droit ;<\/li>\n<li>goupille m\u00e9tallique zingu\u00e9e ;<\/li>\n<li>facilit\u00e9 d&rsquo;utilisation avec flexible tr\u00e8s maniable ;<\/li>\n<li>diffuseur de grande qualit\u00e9 permettant une couverture optimale du foyer et une neutralit\u00e9 \u00e9lectrique.<\/li>\n<\/ul>\n<\/ul>\n<div><\/div>\n<div>\n<div class=\"pic_2\"><img decoding=\"async\" src=\"http:\/\/www.extincteurs-andrieu.fr\/images\/common\/PRIMA-6kg-eau.jpg\" alt=\"\" \/><img decoding=\"async\" src=\"http:\/\/www.extincteurs-andrieu.fr\/images\/common\/PRIMA-6kg-poudre.jpg\" alt=\"\" \/><img loading=\"lazy\" decoding=\"async\" class=\"\" src=\"http:\/\/www.extincteurs-andrieu.fr\/images\/common\/Tete-et-poignee-PRIMA.jpg\" alt=\"\" width=\"313\" height=\"235\" \/><\/div>\n<\/div>\n","protected":false},"excerpt":{"rendered":"<p>Con\u00e7ue pour \u00eatre \u00e9conomique et basique, cette gamme reste bien s\u00fbr fid\u00e8le aux principes de fabrication inh\u00e9rents au groupe Andrieu, et r\u00e9pond \u00e0 l&rsquo;ensemble des contraintes normalis\u00e9es fran\u00e7aises et europ\u00e9ennes. Les points forts de la gamme d&rsquo;extincteur PRIMA : extincteur &hellip; <a href=\"http:\/\/mcsi-incendie.fr\/?page_id=84\">Continuer la lecture <span class=\"meta-nav\">&rarr;<\/span><\/a><\/p>\n","protected":false},"author":1,"featured_media":0,"parent":82,"menu_order":2,"comment_status":"closed","ping_status":"open","template":"","meta":{"footnotes":""},"class_list":["post-84","page","type-page","status-publish","hentry"],"_links":{"self":[{"href":"http:\/\/mcsi-incendie.fr\/index.php?rest_route=\/wp\/v2\/pages\/84","targetHints":{"allow":["GET"]}}],"collection":[{"href":"http:\/\/mcsi-incendie.fr\/index.php?rest_route=\/wp\/v2\/pages"}],"about":[{"href":"http:\/\/mcsi-incendie.fr\/index.php?rest_route=\/wp\/v2\/types\/page"}],"author":[{"embeddable":true,"href":"http:\/\/mcsi-incendie.fr\/index.php?rest_route=\/wp\/v2\/users\/1"}],"replies":[{"embeddable":true,"href":"http:\/\/mcsi-incendie.fr\/index.php?rest_route=%2Fwp%2Fv2%2Fcomments&post=84"}],"version-history":[{"count":4,"href":"http:\/\/mcsi-incendie.fr\/index.php?rest_route=\/wp\/v2\/pages\/84\/revisions"}],"predecessor-version":[{"id":95,"href":"http:\/\/mcsi-incendie.fr\/index.php?rest_route=\/wp\/v2\/pages\/84\/revisions\/95"}],"up":[{"embeddable":true,"href":"http:\/\/mcsi-incendie.fr\/index.php?rest_route=\/wp\/v2\/pages\/82"}],"wp:attachment":[{"href":"http:\/\/mcsi-incendie.fr\/index.php?rest_route=%2Fwp%2Fv2%2Fmedia&parent=84"}],"curies":[{"name":"wp","href":"https:\/\/api.w.org\/{rel}","templated":true}]}}