{"id":23,"date":"2014-11-17T10:24:04","date_gmt":"2014-11-17T09:24:04","guid":{"rendered":"http:\/\/mcsi-incendie.fr\/?page_id=23"},"modified":"2014-11-21T07:56:50","modified_gmt":"2014-11-21T06:56:50","slug":"types-dextincteurs","status":"publish","type":"page","link":"http:\/\/mcsi-incendie.fr\/?page_id=23","title":{"rendered":"Types d&rsquo;extincteurs"},"content":{"rendered":"<h2>Extincteurs portatifs \u00e0 pression auxiliaire :<\/h2>\n<h3><img loading=\"lazy\" decoding=\"async\" class=\"alignleft wp-image-106\" src=\"http:\/\/mcsi-incendie.fr\/wp-content\/uploads\/2014\/11\/vulcain_eau.jpg\" alt=\"vulcain_eau\" width=\"80\" height=\"160\" \/>Extincteurs \u00e0 eau avec additif (+5\u00b0 \u00e0 60\u00b0) version 6l ou 9l<\/h3>\n<p style=\"padding-left: 30px;\">Ces extincteurs sont pr\u00e9conis\u00e9s pour la lutte contre les feux de classe A et B dans un lieu hors gel tel qu&rsquo;une maison ou un ERP (\u00e9tablissement recevant du public).<\/p>\n<h3><img loading=\"lazy\" decoding=\"async\" class=\"alignleft wp-image-106\" src=\"http:\/\/mcsi-incendie.fr\/wp-content\/uploads\/2014\/11\/vulcain_eau.jpg\" alt=\"vulcain_eau\" width=\"80\" height=\"160\" \/>Extincteurs \u00e0 eau avec additif antigel (-10\u00b0 \u00e0 60\u00b0) version 6l ou 9l<\/h3>\n<p style=\"padding-left: 30px; text-align: left;\">Ce type d&rsquo;extincteurs est pr\u00e9conis\u00e9 pour la lutte contre les feux de classe A et \u00a0 B dans un lieu o\u00f9 la temp\u00e9rature peut atteindre -10\u00b0C tel qu&rsquo;une \u00e9glise ou\u00a0 un b\u00e2timent de stockage.<\/p>\n<h3><\/h3>\n<h3><a href=\"http:\/\/mcsi-incendie.fr\/wp-content\/uploads\/2014\/11\/vulcain_poudre.jpg\"><img loading=\"lazy\" decoding=\"async\" class=\"alignleft wp-image-107\" src=\"http:\/\/mcsi-incendie.fr\/wp-content\/uploads\/2014\/11\/vulcain_poudre.jpg\" alt=\"vulcain_poudre\" width=\"80\" height=\"160\" \/><\/a>Extincteurs \u00e0 poudre polyvalente (-20\u00b0 \u00e0 60\u00b0) version 1kg, 2kg, 6kg, 9kg<\/h3>\n<p>Ces appareils sont pr\u00e9conis\u00e9s pour lutter contre les feux de classe A, B ou C dans un lieu tel qu&rsquo;une chaufferie, un stockage d&rsquo;hydrocarbure, et m\u00eame dans les v\u00e9hicules l\u00e9gers et les poids lourds.<\/p>\n<p>&nbsp;<\/p>\n<h3>\u00a0<a href=\"http:\/\/mcsi-incendie.fr\/wp-content\/uploads\/2014\/11\/douche_portative_9litres_bis.jpg\"><img loading=\"lazy\" decoding=\"async\" class=\"alignleft wp-image-113\" src=\"http:\/\/mcsi-incendie.fr\/wp-content\/uploads\/2014\/11\/douche_portative_9litres_bis.jpg\" alt=\"douche_portative_9litres_bis\" width=\"80\" height=\"160\" \/><\/a>Extincteurs douches (6l ou 9l)<\/h3>\n<p>Ces appareils permettent de neutraliser une br\u00fblure chimique ou thermique sur les personnes. Ils contiennent comme agent extincteur de l&rsquo;eau et, selon les recommandations de la m\u00e9decine du travail, un produit bact\u00e9riostatique.<\/p>\n<h2><\/h2>\n<h2>Extincteurs sur roues \u00e0 pression auxiliaire :<\/h2>\n<h3><a href=\"http:\/\/mcsi-incendie.fr\/wp-content\/uploads\/2014\/11\/titan_2.jpg\"><img loading=\"lazy\" decoding=\"async\" class=\"alignleft wp-image-114\" src=\"http:\/\/mcsi-incendie.fr\/wp-content\/uploads\/2014\/11\/titan_2.jpg\" alt=\"titan_2\" width=\"80\" height=\"160\" \/><\/a>Extincteurs mobile TITAN (25 &#8211; 100 kg \/ 45 &#8211; 95l)<\/h3>\n<p>Ce type d&rsquo;extincteurs sur roues permet de lutter contre les d\u00e9part d&rsquo;incendie de taille significative ou de grand port\u00e9e. \u00c9quip\u00e9 de sa lance grande hauteur, sa port\u00e9e atteint 9.40m pour un d\u00e9port de 5m.<\/p>\n<h2><\/h2>\n<h2>Extincteurs portatifs \u00e0 pression permanente :<\/h2>\n<h3><a href=\"http:\/\/mcsi-incendie.fr\/wp-content\/uploads\/2014\/11\/gaz_2kg.jpg\"><img loading=\"lazy\" decoding=\"async\" class=\"alignleft wp-image-147\" src=\"http:\/\/mcsi-incendie.fr\/wp-content\/uploads\/2014\/11\/gaz_2kg.jpg\" alt=\"gaz_2kg\" width=\"80\" height=\"160\" \/><\/a>Extincteur portatif au dioxyde de carbone (CO2) de 2 et 5 kg<\/h3>\n<p>Le dioxyde de carbone (CO<small><sub>2<\/sub><\/small>) agit principalement par \u00e9touffement, en diminuant fortement la concentration d&rsquo;oxyg\u00e8ne alimentant le feu. Le gaz est stock\u00e9 sous forme liquide \u00e0 une pression permanente avec une valve de s\u00e9curit\u00e9. En raison de sa d\u00e9tente, le gaz sort \u00e0 &#8211;<span title=\"172,4 \u00b0F ou 351,2 K\">78\u00a0<\/span><abbr class=\"abbr\" title=\"degr\u00e9 Celsius\">\u00b0C<\/abbr>, faisant courir des risques de gelures. Le diffuseur prend la forme d&rsquo;un tromblon conique favorisant la d\u00e9tente du gaz et son guidage.<\/p>\n<h2>Extincteurs automatiques \u00e0 pression auxiliaire :<\/h2>\n<h3><a href=\"http:\/\/mcsi-incendie.fr\/wp-content\/uploads\/2014\/11\/perche1.jpeg\"><img loading=\"lazy\" decoding=\"async\" class=\"alignleft wp-image-154\" src=\"http:\/\/mcsi-incendie.fr\/wp-content\/uploads\/2014\/11\/perche1-174x300.jpeg\" alt=\"perche\" width=\"80\" height=\"137\" srcset=\"http:\/\/mcsi-incendie.fr\/wp-content\/uploads\/2014\/11\/perche1-174x300.jpeg 174w, http:\/\/mcsi-incendie.fr\/wp-content\/uploads\/2014\/11\/perche1.jpeg 204w\" sizes=\"auto, (max-width: 80px) 100vw, 80px\" \/><\/a>Extincteurs automatiques \u00e0 perche (9kg)<\/h3>\n<p>Plac\u00e9 \u00e0 cot\u00e9 de l&rsquo;endroit \u00e0 prot\u00e9ger, cet extincteur \u00e0 poudre automatique fonctionnera de mani\u00e8re autonome. Son fusible se d\u00e9truit \u00e0 partir d&rsquo;une temp\u00e9rature de 68\u00b0C et permet de d\u00e9livrer l&rsquo;agent extincteur inhibant le feu et refroidissant les lieux.<\/p>\n<h2>Extincteurs automatiques \u00e0 pression permanente :<\/h2>\n<h3><a href=\"http:\/\/mcsi-incendie.fr\/wp-content\/uploads\/2014\/11\/extincteur_auto_8.jpg\"><img loading=\"lazy\" decoding=\"async\" class=\"alignleft wp-image-120\" src=\"http:\/\/mcsi-incendie.fr\/wp-content\/uploads\/2014\/11\/extincteur_auto_8.jpg\" alt=\"extincteur_auto_8\" width=\"80\" height=\"160\" \/><\/a>Extincteurs automatiques pendulaires<\/h3>\n<p>Extincteurs pendulaires \u00e0 fusible sp\u00e9cialement con\u00e7u pour les chaudi\u00e8res. Positionn\u00e9 au dessus de l&rsquo;endroit \u00e0 prot\u00e9ger, cet appareil lib\u00e9rera son agent extincteur lorsque la temp\u00e9rature d\u00e9passera les 68\u00b0C<\/p>\n<h2><\/h2>\n<h2>Extinction automatique TRACEFLAM :<\/h2>\n<p><a href=\"http:\/\/mcsi-incendie.fr\/wp-content\/uploads\/2014\/11\/systemeauto_1.jpg\"><img loading=\"lazy\" decoding=\"async\" class=\"alignleft wp-image-137\" src=\"http:\/\/mcsi-incendie.fr\/wp-content\/uploads\/2014\/11\/systemeauto_1-300x191.jpg\" alt=\"systemeauto_1\" width=\"130\" height=\"83\" srcset=\"http:\/\/mcsi-incendie.fr\/wp-content\/uploads\/2014\/11\/systemeauto_1-300x191.jpg 300w, http:\/\/mcsi-incendie.fr\/wp-content\/uploads\/2014\/11\/systemeauto_1.jpg 314w\" sizes=\"auto, (max-width: 130px) 100vw, 130px\" \/><\/a>Traceflam est un <strong>syst\u00e8me d&rsquo;extinction automatique<\/strong> qui rep\u00e8re et \u00e9teint automatiquement l&rsquo;incendie \u00e0 sa source. Il utilise notamment un tube souple, sensible \u00e0 la chaleur et r\u00e9alis\u00e9 en polym\u00e8res sp\u00e9ciaux, dont la composition garantit les caract\u00e9ristiques de d\u00e9tection et de diffusion.<\/p>\n<p>Ce <strong>syst\u00e8me d&rsquo;extinction automatique<\/strong> est reli\u00e9 \u00e0 un r\u00e9servoir sous pression contenant l&rsquo;agent extincteur. Lorsqu&rsquo;un feu se d\u00e9clare et atteint le tube, la paroi du conduit s&rsquo;amincit pour rapidement \u00e9clater au point le plus chaud. L&rsquo;agent extincteur est alors pulv\u00e9ris\u00e9 directement sur la source du feu, garantissant son extinction rapide avant qu&rsquo;il ne s&rsquo;\u00e9tende.<\/p>\n<p>Le tube sous pression peut se faufiler <strong>partout<\/strong> o\u00f9 un probl\u00e8me peut survenir : armoires \u00e9lectriques, stockage de produits dangereux, moteurs, machines-outils, vide-ordures, serveurs informatiques, cuisines industrielles&#8230;<\/p>\n<p><a href=\"http:\/\/mcsi-incendie.fr\/wp-content\/uploads\/2014\/11\/systemeauto_6.jpg\"><img loading=\"lazy\" decoding=\"async\" class=\"alignnone  wp-image-138\" src=\"http:\/\/mcsi-incendie.fr\/wp-content\/uploads\/2014\/11\/systemeauto_6.jpg\" alt=\"systemeauto_6\" width=\"147\" height=\"196\" \/><\/a> <a href=\"http:\/\/mcsi-incendie.fr\/wp-content\/uploads\/2014\/11\/systemeauto_2.jpg\"><img loading=\"lazy\" decoding=\"async\" class=\"alignnone wp-image-139\" src=\"http:\/\/mcsi-incendie.fr\/wp-content\/uploads\/2014\/11\/systemeauto_2.jpg\" alt=\"systemeauto_2\" width=\"263\" height=\"197\" \/><\/a><\/p>\n","protected":false},"excerpt":{"rendered":"<p>Extincteurs portatifs \u00e0 pression auxiliaire : Extincteurs \u00e0 eau avec additif (+5\u00b0 \u00e0 60\u00b0) version 6l ou 9l Ces extincteurs sont pr\u00e9conis\u00e9s pour la lutte contre les feux de classe A et B dans un lieu hors gel tel qu&rsquo;une &hellip; <a href=\"http:\/\/mcsi-incendie.fr\/?page_id=23\">Continuer la lecture <span class=\"meta-nav\">&rarr;<\/span><\/a><\/p>\n","protected":false},"author":1,"featured_media":0,"parent":19,"menu_order":2,"comment_status":"closed","ping_status":"open","template":"","meta":{"footnotes":""},"class_list":["post-23","page","type-page","status-publish","hentry"],"_links":{"self":[{"href":"http:\/\/mcsi-incendie.fr\/index.php?rest_route=\/wp\/v2\/pages\/23","targetHints":{"allow":["GET"]}}],"collection":[{"href":"http:\/\/mcsi-incendie.fr\/index.php?rest_route=\/wp\/v2\/pages"}],"about":[{"href":"http:\/\/mcsi-incendie.fr\/index.php?rest_route=\/wp\/v2\/types\/page"}],"author":[{"embeddable":true,"href":"http:\/\/mcsi-incendie.fr\/index.php?rest_route=\/wp\/v2\/users\/1"}],"replies":[{"embeddable":true,"href":"http:\/\/mcsi-incendie.fr\/index.php?rest_route=%2Fwp%2Fv2%2Fcomments&post=23"}],"version-history":[{"count":23,"href":"http:\/\/mcsi-incendie.fr\/index.php?rest_route=\/wp\/v2\/pages\/23\/revisions"}],"predecessor-version":[{"id":174,"href":"http:\/\/mcsi-incendie.fr\/index.php?rest_route=\/wp\/v2\/pages\/23\/revisions\/174"}],"up":[{"embeddable":true,"href":"http:\/\/mcsi-incendie.fr\/index.php?rest_route=\/wp\/v2\/pages\/19"}],"wp:attachment":[{"href":"http:\/\/mcsi-incendie.fr\/index.php?rest_route=%2Fwp%2Fv2%2Fmedia&parent=23"}],"curies":[{"name":"wp","href":"https:\/\/api.w.org\/{rel}","templated":true}]}}