{"id":19,"date":"2014-11-17T09:36:16","date_gmt":"2014-11-17T08:36:16","guid":{"rendered":"http:\/\/mcsi-incendie.fr\/?page_id=19"},"modified":"2015-06-15T08:11:09","modified_gmt":"2015-06-15T07:11:09","slug":"extincteurs","status":"publish","type":"page","link":"http:\/\/mcsi-incendie.fr\/?page_id=19","title":{"rendered":"Extincteurs"},"content":{"rendered":"<p>Nous commercialisons plusieurs gammes d&rsquo;extincteurs <a title=\"Site Web Andrieu\" href=\"http:\/\/www.extincteurs-andrieu.fr\/\" target=\"_blank\">Andrieu<\/a>, principalement ceux expos\u00e9s sur le site.<\/p>\n<p><a title=\"Site Web Andrieu\" href=\"http:\/\/www.extincteurs-andrieu.fr\/\" target=\"_blank\"><img loading=\"lazy\" decoding=\"async\" class=\"aligncenter wp-image-67 size-full\" src=\"http:\/\/mcsi-incendie.fr\/wp-content\/uploads\/2014\/11\/logo_andrieu.gif\" alt=\"logo_andrieu\" width=\"184\" height=\"64\" \/><\/a><a href=\"http:\/\/mcsi-incendie.fr\/wp-content\/uploads\/2014\/11\/label_mf.png\"><img loading=\"lazy\" decoding=\"async\" class=\"alignnone size-full wp-image-170 aligncenter\" src=\"http:\/\/mcsi-incendie.fr\/wp-content\/uploads\/2014\/11\/label_mf.png\" alt=\"label_mf\" width=\"100\" height=\"100\" \/><\/a><\/p>\n<p>Consultez ici nos diff\u00e9rentes <a title=\"Gammes d\u2019extincteurs\" href=\"http:\/\/mcsi-incendie.fr\/extincteurs\/gammes-dextincteurs\/\">gammes<\/a>, les <a title=\"Types d\u2019extincteurs\" href=\"http:\/\/mcsi-incendie.fr\/extincteurs\/types-dextincteurs\/\">types d&rsquo;extincteurs<\/a>, les diff\u00e9rentes <a title=\"Classes de feux\" href=\"http:\/\/mcsi-incendie.fr\/extincteurs\/classes-de-feux\/\">classes de feux<\/a> Nous sommes \u00e0 votre disposition pour tous renseignements compl\u00e9mentaires ou besoin d&rsquo;information.<\/p>\n<p>N&rsquo;h\u00e9sitez pas \u00e0 nous <a title=\"Contact\" href=\"http:\/\/mcsi-incendie.fr\/?p=39\">contacter<\/a>.<\/p>\n","protected":false},"excerpt":{"rendered":"<p>Nous commercialisons plusieurs gammes d&rsquo;extincteurs Andrieu, principalement ceux expos\u00e9s sur le site. Consultez ici nos diff\u00e9rentes gammes, les types d&rsquo;extincteurs, les diff\u00e9rentes classes de feux Nous sommes \u00e0 votre disposition pour tous renseignements compl\u00e9mentaires ou besoin d&rsquo;information. N&rsquo;h\u00e9sitez pas \u00e0 &hellip; <a href=\"http:\/\/mcsi-incendie.fr\/?page_id=19\">Continuer la lecture <span class=\"meta-nav\">&rarr;<\/span><\/a><\/p>\n","protected":false},"author":1,"featured_media":0,"parent":0,"menu_order":2,"comment_status":"closed","ping_status":"closed","template":"","meta":{"footnotes":""},"class_list":["post-19","page","type-page","status-publish","hentry"],"_links":{"self":[{"href":"http:\/\/mcsi-incendie.fr\/index.php?rest_route=\/wp\/v2\/pages\/19","targetHints":{"allow":["GET"]}}],"collection":[{"href":"http:\/\/mcsi-incendie.fr\/index.php?rest_route=\/wp\/v2\/pages"}],"about":[{"href":"http:\/\/mcsi-incendie.fr\/index.php?rest_route=\/wp\/v2\/types\/page"}],"author":[{"embeddable":true,"href":"http:\/\/mcsi-incendie.fr\/index.php?rest_route=\/wp\/v2\/users\/1"}],"replies":[{"embeddable":true,"href":"http:\/\/mcsi-incendie.fr\/index.php?rest_route=%2Fwp%2Fv2%2Fcomments&post=19"}],"version-history":[{"count":7,"href":"http:\/\/mcsi-incendie.fr\/index.php?rest_route=\/wp\/v2\/pages\/19\/revisions"}],"predecessor-version":[{"id":344,"href":"http:\/\/mcsi-incendie.fr\/index.php?rest_route=\/wp\/v2\/pages\/19\/revisions\/344"}],"wp:attachment":[{"href":"http:\/\/mcsi-incendie.fr\/index.php?rest_route=%2Fwp%2Fv2%2Fmedia&parent=19"}],"curies":[{"name":"wp","href":"https:\/\/api.w.org\/{rel}","templated":true}]}}